32213378?
2, 757, 21277
List the prime factors of 2358116.
2, 589529
What are the prime factors of 10458555?
3, 5, 157, 4441
What are the prime factors of 6360351?
3, 23, 92179
List the prime factors of 9994025.
5, 399761
List the prime factors of 2702194.
2, 11, 122827
List the prime factors of 1724382.
2, 3, 11, 2903
What are the prime factors of 198655?
5, 67, 593
List the prime factors of 99219.
3, 33073
What are the prime factors of 6002?
2, 3001
List the prime factors of 411034.
2, 13, 15809
What are the prime factors of 22476720?
2, 3, 5, 7, 17, 787
List the prime factors of 24327062.
2, 101, 120431
What are the prime factors of 136437?
3, 7, 73, 89
What are the prime factors of 354473?
7, 79, 641
List the prime factors of 79441.
17, 4673
What are the prime factors of 12469529?
19, 656291
What are the prime factors of 3370083?
3, 1123361
List the prime factors of 176904.
2, 3, 7, 13
List the prime factors of 6541117.
11, 43, 13829
What are the prime factors of 106376?
2, 13297
What are the prime factors of 536625?
3, 5, 53
List the prime factors of 2969541.
3, 61, 601
What are the prime factors of 18437419?
7, 11, 13, 113, 163
What are the prime factors of 4116303?
3, 457367
List the prime factors of 2996647.
23, 113, 1153
List the prime factors of 2249127.
3, 27767
List the prime factors of 268446.
2, 3, 44741
List the prime factors of 1971252.
2, 3, 17, 3221
What are the prime factors of 263791?
11, 23981
List the prime factors of 129682.
2, 7, 59, 157
What are the prime factors of 15326798?
2, 7663399
List the prime factors of 1354711.
1354711
What are the prime factors of 3167811?
3, 523, 673
What are the prime factors of 167812?
2, 41953
What are the prime factors of 907952?
2, 56747
List the prime factors of 598754.
2, 13, 23029
List the prime factors of 1532739.
3, 13, 39301
List the prime factors of 707388.
2, 3, 11, 23, 233
List the prime factors of 1181568.
2, 3, 17, 181
What are the prime factors of 488134?
2, 107, 2281
What are the prime factors of 36212261?
17, 2130133
List the prime factors of 366368.
2, 107
What are the prime factors of 227106?
2, 3, 11, 31, 37
List the prime factors of 45334.
2, 19, 1193
List the prime factors of 316825.
5, 19, 23, 29
What are the prime factors of 150832?
2, 11, 857
List the prime factors of 3769414.
2, 11, 31, 5527
What are the prime factors of 113417?
113417
List the prime factors of 3593842.
2, 7, 23, 11161
What are the prime factors of 6381269?
683, 9343
What are the prime factors of 595076?
2, 31, 4799
What are the prime factors of 634385?
5, 71, 1787
List the prime factors of 5097288.
2, 3, 7, 30341
List the prime factors of 9027619.
47, 241, 797
What are the prime factors of 960533?
7, 137219
What are the prime factors of 660886?
2, 491, 673
What are the prime factors of 90582?
2, 3, 31, 487
List the prime factors of 7163969.
19, 377051
What are the prime factors of 41147018?
2, 11, 170029
List the prime factors of 6363895.
5, 151, 8429
List the prime factors of 2377353.
3, 11, 61, 1181
List the prime factors of 568554.
2, 3, 7, 13537
What are the prime factors of 451480?
2, 5, 11287
List the prime factors of 1946806.
2, 17, 57259
What are the prime factors of 129660?
2, 3, 5, 2161
List the prime factors of 2599347.
3, 269, 3221
What are the prime factors of 566385?
3, 5, 61, 619
What are the prime factors of 612085?
5, 17, 19, 379
List the prime factors of 339781.
13, 59, 443
List the prime factors of 245269.
245269
What are the prime factors of 7287161?
7, 647, 1609
What are the prime factors of 144294?
2, 3, 24049
What are the prime factors of 20349489?
3, 41, 165443
List the prime factors of 6090.
2, 3, 5, 7, 29
List the prime factors of 44491690.
2, 5, 509, 8741
List the prime factors of 866585.
5, 263, 659
List the prime factors of 17229087.
3, 31, 37, 1669
List the prime factors of 350489.
17, 53, 389
List the prime factors of 1431164.
2, 7, 79, 647
What are the prime factors of 3984869?
7, 569267
What are the prime factors of 109925?
5, 4397
List the prime factors of 1534901.
1534901
List the prime factors of 5691789.
3, 59, 397
List the prime factors of 107073.
3, 11897
List the prime factors of 35000575.
5, 1400023
What are the prime factors of 9362908?
2, 2340727
List the prime factors of 26967.
3, 89, 101
What are the prime factors of 208537?
7, 31
What are the prime factors of 3165976?
2, 11, 35977
What are the prime factors of 23064253?
131, 176063
List the prime factors of 135464.
2, 7, 41, 59
What are the prime factors of 4678982?
2, 7, 11, 23, 1321
List the prime factors of 11977695.
3, 5, 19, 14009
List the prime factors of 6550416.
2, 3, 59, 257
What are the prime factors of 31516151?
109, 289139
What are the prime factors of 10744227?
3, 13, 131, 701
List the prime factors of 835512.
2, 3, 31, 1123
List the prime factors of 142769.
11, 12979
What are the prime factors of 792610?
2, 5, 7, 13, 67
List the prime factors of 9880828.
2, 193, 12799
List the prime factors of 56342.
2, 11, 13, 197
What are the prime factors of 134073?
3, 14897
What are the prime factors of 1607904?
2, 3, 1861
What are the prime factors of 142140?
2, 3, 5, 23, 103
List the prime factors of 16916817.
3, 5638939
What are the prime factors of 3308140?
2, 5, 11, 1367
What are the prime factors of 40338?
2, 3, 83
What are the prime factors of 524705?
5, 17, 6173
List the prime factors of 147394.
2, 13, 5669
What are the prime factors of 9332091?
3, 115211
List the prime factors of 21351673.
7, 3050239
What are the prime factors of 292005?
3, 5, 7, 103
List the prime factors of 6406193.
6406193
List the prime factors of 1709817.
3, 569939
List the prime factors of 459803.
459803
List the prime factors of 160345.
5, 32069
List the prime factors of 46297.
67, 691
List the prime factors of 2002069.
293, 6833
List the prime factors of 2792546.
2, 1396273
What are the prime factors of 2701676?
2, 675419
What are the prime factors of 3897984?
2, 3, 10151
What are the prime factors of 2396405?
5, 11, 17, 233
List the prime factors of 947582.
2, 101, 4691
What are the prime factors of 1711439?
673, 2543
What are the prime factors of 2538305?
5, 7, 11, 19, 347
What are the prime factors of 805266?
2, 3, 7, 11, 83
What are the prime factors of 13327739?
13327739
List the prime factors of 146010.
2, 3, 5, 31, 157
List the prime factors of 4608903.
3, 13, 59, 2003
What are the prime factors of 13267007?
13, 29, 2707
List the prime factors of 911491.
7, 59, 2207
What are the prime factors of 39961341?
3, 7, 634307
List the prime factors of 6925736.
2, 865717
List the prime factors of 390199.
390199
What are the prime factors of 14789465?
5, 587, 5039
List the prime factors of 710970.
2, 3, 5, 13, 1823
What are the prime factors of 25051153?
25051153
List the prime factors of 9868250.
2, 5, 7, 5639
What are the prime factors of 28420178?
2, 113, 125753
What are the prime factors of 1877231?
1877231
What are the prime factors of 12902470?
2, 5, 7, 184321
What are the prime factors of 581352?
2, 3, 24223
List the prime factors of 1780654.
2, 113, 7879
List the prime factors of 312313.
312313
What are the prime factors of 9204658?
2, 29, 151, 1051
List the prime factors of 260189.
260189
List the prime factors of 6049336.
2, 756167
List the prime factors of 4688627.
71, 66037
List the prime factors of 5166626.
2, 367, 7039
What are the prime factors of 403272?
2, 3, 1867
List the prime factors of 949426.
2, 113, 4201
List the prime factors of 164343.
3, 29, 1889
What are the prime factors of 4295791?
4295791
List the prime factors of 1297551.
3, 617, 701
What are the prime factors of 377157?
3, 11, 1039
List the prime factors of 111362.
2, 55681
What are the prime factors of 169129?
169129
List the prime factors of 8864193.
3, 13, 167, 1361
List the prime factors of 2040281.
2040281
List the prime factors of 5042231.
109, 167, 277
List the prime factors of 12441361.
37, 336253
What are the prime factors of 1261511?
223, 5657
List the prime factors of 1036760.
2, 5, 25919
List the prime factors of 273656.
2, 79, 433
List the prime factors of 116334.
2, 3, 23, 281
What are the prime factors of 187158?
2, 3, 31193
What are the prime factors of 229521?
3, 76507
What are the prime factors of 215385?
3, 5, 83,